ose -336 = -2*b + 452. What is the hundreds digit of b?
3
Let v = 467 + 15. What is the hundreds digit of v?
4
Let f = 0 + 7. Suppose -3 = 4*o - f*o. What is the units digit of (-3 - 0 - -9)/o?
6
Let v = 188 - -1225. What is the hundreds digit of v?
4
Suppose 0 = o - 2. Suppose -14 = -3*f - o. Suppose f*i - i - 15 = 0. What is the units digit of i?
5
Let p(n) = -5*n**3 + n**2 - 4*n + 3. Let a be p(2). Let i = a - -79. What is the tens digit of i?
3
Let j(z) = z**2 - 10*z + 11. Let t be j(9). Let u be (t + (-8)/4)/(-1). Suppose -30 = -u*y - 3*y. What is the units digit of y?
0
Let m = -4 - -2. What is the units digit of (368/6 - -2)/(m/(-3))?
5
Let x(g) = -353*g + 73. What is the units digit of x(-12)?
9
Suppose 22*g + 30 = 8. Let k(h) = -h**2 - h - 1. Let w(v) = -20*v**2 - 3*v - 2. Let j(n) = k(n) - w(n). What is the units digit of j(g)?
8
What is the hundreds digit of -6 + (-2 + 4 - -2399)?
3
Let u(h) = -h**3 - 4*h**2 - 3*h - 8. Let x be u(-4). Let r(s) = 10*s**3 + 5*s**3 + 5*s - 4 - 18*s**3 + x*s**3. What is the units digit of r(3)?
8
Let p(o) be the second derivative of 0 - 13/2*o**2 + 1/3*o**3 + 10*o. What is the units digit of p(12)?
1
Let q = 23 + -11. Suppose -7*y - 115 = -2*y + 5*h, 0 = 5*h + 15. What is the units digit of -6*(-3 - y/q)?
8
Suppose -3*a - 2*r = -229, 0 = -3*r - 2 - 10. What is the units digit of a?
9
Let k(l) = -l**3 - 6*l**2 + 20*l - 23. What is the tens digit of k(-10)?
7
Let c = 26 - 14. Let h = -10 + c. What is the tens digit of (2 - -9) + h + 0?
1
Suppose -f + 2*f + 3 = 0, -4*f - 12 = k. What is the units digit of (-1 + k + -97)/(-2)?
9
Let l(g) = g**2 + 6*g + 1. Let d be l(-6). Let o(a) = 17*a**2 + a - 1. What is the units digit of o(d)?
7
What is the units digit of (-19159)/(-68) + (-3)/4 + 5?
6
What is the tens digit of (1056/(-220))/((-1)/130)?
2
Suppose -5*j - 3*o + 3807 = 0, -4*j + 400 = -o - 2632. What is the hundreds digit of j?
7
Suppose 0 = 7*y - 5*y + 4. What is the tens digit of 790/15 + y/(-6)?
5
Suppose -4*a = -w - w - 1758, 3*a = 5*w + 1308. What is the hundreds digit of a?
4
Suppose 541 = -0*d + d - 3*x, 5*d = 3*x + 2741. What is the units digit of d?
0
Suppose 0*w = 8*w. Let t = 12 - w. What is the units digit of (-16)/t - 10/(-3)?
2
Let w = -878 - -3191. What is the tens digit of w?
1
Suppose 7*z - z - 294 = 0. What is the tens digit of z?
4
Suppose 12 = -36*a + 42*a. Suppose 373 = a*j + 5*r, 5*j - 3*r - 918 = -r. What is the hundreds digit of j?
1
What is the tens digit of (987 - (-2 - 0)) + (8 - 3)?
9
Suppose 0 = -4*v + v - 3*o + 33, -5*v + 5*o = -95. Let z be v + -4*(-9)/12. Let b = -11 + z. What is the units digit of b?
7
Let w(b) = -b**3 + 2*b**2 + b. Let j be w(2). Suppose 0 = -j*h - c - 1, -2*c - 6 = -h + 3*h. Let n = 16 + h. What is the units digit of n?
8
Let o(b) = -b**2 + 22*b + 27. Let r(t) = -t + 1. Let x(a) = o(a) + 6*r(a). What is the tens digit of x(14)?
6
Let q = -588 - -1320. What is the tens digit of q?
3
Let f = 30 + -32. Let r be -2 + (8/f - -8). Suppose -7*y + r*y + 35 = 0. What is the units digit of y?
7
Let t = 7 + -10. Let p(b) = -b**3 - 3*b**2 - 6*b + 4. What is the tens digit of p(t)?
2
Suppose -5*c - 25 = 0, -5*j - 3*c + 2410 - 10 = 0. Let u = j + -334. What is the hundreds digit of u?
1
Suppose -4*c = 4*p - 0*c - 80, 3*c = 0. Let i = -18 + p. Suppose 2*f + i*f = 80. What is the tens digit of f?
2
What is the units digit of (-28)/(-78)*579 - (-30)/195?
8
Suppose 0 = y - 4 + 1. Let g = -3 - -3. Suppose 0 = -y*l - g*l + 69. What is the units digit of l?
3
Let d be 2/(-4)*(7 - 19). Let n be 10 + 3/(-2 + -1). Suppose -d - n = -z. What is the tens digit of z?
1
Let w(x) = 2*x**3 - 14*x**2 - 19*x - 28. What is the units digit of w(9)?
5
Let k be (-109)/(-2*(-3)/(-12)). Suppose 4*o - k = 34. Suppose 0 = 4*n - n - o. What is the tens digit of n?
2
What is the thousands digit of (-19)/57 + 21612/9?
2
Let u be (-2)/(2*(-4)/48). Let f = u - 11. Suppose -17 = -s + f. What is the tens digit of s?
1
Suppose 5*a + 19 = -11. Let w = 6 + a. Suppose w = -3*t + 29 + 22. What is the units digit of t?
7
Let s be (-1 + -27)/((-6)/39). Suppose -65*w - s = -66*w. What is the hundreds digit of w?
1
Let j(g) = g**2 - g + 275. Suppose b + 4*x - 8 = 3*b, -3*x = 4*b - 6. What is the hundreds digit of j(b)?
2
Let a = -231 + 150. Let u = 128 + a. What is the tens digit of u?
4
Let k(u) = -u**3 - 3*u**2 + 25. Let y be k(-6). Let t = y - 15. What is the hundreds digit of t?
1
Suppose -14*h + 5091 = 1619. What is the units digit of h?
8
Suppose 5*j - 300 = -5*f, 175 = -2*f + 5*f + 2*j. What is the tens digit of f?
5
Let m(l) = 6 + 2*l - 8 + 3. Let f be m(1). Suppose f*c - 31 = 8. What is the tens digit of c?
1
Let a(w) be the second derivative of -w**3/6 + 3*w**2/2 + 12*w. Let v be a(3). Suppose v = -4*d + 19 + 57. What is the tens digit of d?
1
Suppose 3 = -3*d + 6. Let u be (32/20)/(d/5). Suppose 3*t = 3*b + 123, -5*t + u*t = -3*b + 93. What is the units digit of t?
6
Suppose 0 = -t + 3 - 2. Let y = t - 3. Let d = y - -33. What is the tens digit of d?
3
Suppose -15 = -0*n + 5*n. Let z be 2/n*108/8. What is the units digit of z*(-1)/12*4?
3
Let c = -4 + 4. Let s be (0 - (3 - c))*-3. What is the tens digit of 33*6/s - -3?
2
Let x = -32 - -7. What is the units digit of (-1080)/x + 4/(-20)?
3
What is the units digit of (-8349)/(-24) - (-4 + 14)/(-80)?
8
Let w(j) be the third derivative of j**5/15 - j**4/12 + 5*j**3/2 + 14*j**2. What is the units digit of w(3)?
5
Suppose -3168 = -4*u + 2*l, -4*l + 986 = 4*u - 2170. What is the tens digit of u?
9
What is the tens digit of (1818/3 - -7) + 8?
2
Let a be (-8)/12 - (-86)/3. Suppose 0 = 3*v + a + 35. Let f = -12 - v. What is the units digit of f?
9
Let r(s) = 71*s**2 - 141*s - 6. What is the thousands digit of r(-5)?
2
Let q be 73/(-4) - (-18)/72. What is the units digit of (9/q)/((-2)/12)?
3
Let c be 112/((2/25)/((-5)/25)). Let k = c - -434. What is the units digit of k?
4
Let y(p) be the third derivative of -p**5/60 - p**4/4 + 3*p**3/2 - 31*p**2. Let d(f) = 2*f + 5. Let q be d(-6). What is the units digit of y(q)?
2
Let d(l) = 90*l + 4. Suppose 5*y - 5*u - 4 = y, 2*u + 4 = 4*y. What is the units digit of d(y)?
4
Suppose -10 = -59*l + 54*l. Suppose l*b - g = 317, -5*b + 3*g - 2*g = -788. What is the units digit of b?
7
Suppose 0*s - 3*z - 2939 = -4*s, 4*z + 20 = 0. What is the tens digit of s?
3
Suppose 2*o + 3*k + 7 = 0, -5*o - 26 = 5*k - 6*k. Let l = 34 + o. What is the tens digit of l?
2
What is the tens digit of (-4)/(-7) + 86512/112?
7
Let l(n) = n**2 + 3*n + 4. Suppose -o + 3 = 0, -2*w - 3*w + o - 38 = 0. What is the tens digit of l(w)?
3
Let l(a) = a - 22. Let n be l(14). Let o = 9 + 0. Let x = o - n. What is the units digit of x?
7
Suppose 0 = -8*f + 1791 + 345. What is the units digit of f?
7
Let a be 6 - (-3 - -3 - -4). What is the units digit of 7/(-126)*-284 - a/(-9)?
6
Suppose -4*j + 14 = -8*t + 3*t, 0 = 2*t + j + 3. Suppose 0 = 2*b + 3*b + 25. What is the units digit of (b + -2)/(t/2)?
7
Suppose 8*l = 10*l - 8. Suppose 0 = -2*t + 81 + 129. Suppose -3*p = -0*p - 3*v - t, p - 20 = l*v. What is the tens digit of p?
4
Let o = 54 + -51. Suppose 0 = -x - 2*r + 108, 3*x - 2*x + o*r = 109. What is the hundreds digit of x?
1
What is the hundreds digit of (27918/55)/(15/100)?
3
Let k be 135/(-20) + (-1)/4. Let g(i) = -i - 8. Let v be g(k). What is the units digit of (-19)/v - 24/(-12)?
1
Let t be ((-2168)/20)/((-3)/15). Suppose -t = -3*j - q, -3*j - 48 + 587 = 4*q. What is the hundreds digit of j?
1
Let s = 180 - 135. Suppose -42*i = -s*i + 462. What is the units digit of i?
4
Let b(n) = 32*n**2 + 20*n - 12. What is the thousands digit of b(9)?
2
Let p = -1088 - -2101. What is the tens digit of p?
1
Suppose 2*h = -2*h. Suppose 2*l + 0*l - 8 = 0. Suppose h = -q - l*q + 115. What is the units digit of q?
3
Let x(d) = 487*d - 12. What is the hundreds digit of x(1)?
4
Let v(c) = c**2 - 10*c + 2. Let f(d) = 2*d - 6. Let u be f(8). Let a be v(u). Suppose -3*i + 23 = -2*w, 6 = -0*i + a*i + w. What is the units digit of i?
5
Let k(z) = -102 - 247*z - 97 + 206 - 77*z. What is the hundreds digit of k(-1)?
3
Suppose -3*d - u = -359 + 105, 2*d = 4*u + 146. Let q = d - 59. What is the tens digit of q?
2
Suppose -5*l + t = -2786, -l + t = 3*t - 555. What is the hund